{"id":1919,"date":"2021-03-16T15:40:21","date_gmt":"2021-03-16T14:40:21","guid":{"rendered":"https:\/\/www.autohaus-isi.de\/?page_id=1919"},"modified":"2025-02-16T20:09:05","modified_gmt":"2025-02-16T19:09:05","slug":"service","status":"publish","type":"page","link":"https:\/\/www.autohaus-isi.de\/index.php\/service\/","title":{"rendered":"Service"},"content":{"rendered":"<p>[vc_row][vc_column][vc_empty_space height=&#8221;60px&#8221;][\/vc_column][\/vc_row][vc_row][vc_column width=&#8221;1\/2&#8243;][vc_single_image image=&#8221;7023&#8243; img_size=&#8221;full&#8221; alignment=&#8221;right&#8221;][\/vc_column][vc_column width=&#8221;1\/2&#8243;][vc_column_text]<\/p>\n<h4>VERF\u00dcGBARE FAHRZEUGE<\/h4>\n<p>[\/vc_column_text][vc_separator color=&#8221;custom&#8221; align=&#8221;align_left&#8221; border_width=&#8221;2&#8243; el_width=&#8221;30&#8243; accent_color=&#8221;#e2ac47&#8243;][vc_column_text]<\/p>\n<h6>Wir bieten eine exklusive Auswahl an sofort verf\u00fcgbaren Sportwagen und Premium-Fahrzeugen.<\/h6>\n<p>&nbsp;<\/p>\n<h6>Wir nehmen nur Automobile in unseren Bestand auf, von denen wir selbst \u00fcberzeugt sind.<\/h6>\n<p>&nbsp;<\/p>\n<h6>Jedes Fahrzeug befindet sich in einem ausgezeichneten Zustand und wurde umfassend von uns gepr\u00fcft.<\/h6>\n<p>[\/vc_column_text][\/vc_column][\/vc_row][vc_row][vc_column][vc_separator color=&#8221;custom&#8221; accent_color=&#8221;#444444&#8243;][\/vc_column][\/vc_row][vc_row][vc_column width=&#8221;1\/2&#8243;][vc_column_text]<\/p>\n<h4 class=\"margin-bottom-10\" style=\"text-align: right;\">BERATUNG &amp; VERKAUF<\/h4>\n<p>[\/vc_column_text][vc_separator color=&#8221;custom&#8221; align=&#8221;align_right&#8221; border_width=&#8221;2&#8243; el_width=&#8221;30&#8243; accent_color=&#8221;#e2ac47&#8243;][vc_column_text]<\/p>\n<h6 style=\"text-align: right;\">Autohaus ISI,<br \/>\nein Ort, der den Unterschied macht.<\/h6>\n<h6 style=\"text-align: right;\">F\u00fcr uns sind Sie nicht einfach nur ein Kunde, wir sehen Sie als individuellen Partner mit dem wir gemeinsam passende L\u00f6sungen finden.<\/h6>\n<h6 style=\"text-align: right;\">Mit unseren exklusiven und oft einzigartigen Fahrzeugen bieten wir eine Plattform, die nicht nur den Massenmarkt bedient, sondern auch Unikate und Sonderanfertigungen umfasst.<\/h6>\n<h6 style=\"text-align: right;\">Nehmen Sie einfach Kontakt mit uns auf.<\/h6>\n<p>[\/vc_column_text][\/vc_column][vc_column width=&#8221;1\/2&#8243;][vc_single_image image=&#8221;2072&#8243; img_size=&#8221;full&#8221;][\/vc_column][\/vc_row][vc_row][vc_column][vc_separator color=&#8221;custom&#8221; accent_color=&#8221;#444444&#8243;][\/vc_column][\/vc_row][vc_row][vc_column width=&#8221;1\/2&#8243;][vc_single_image image=&#8221;2070&#8243; img_size=&#8221;full&#8221; alignment=&#8221;right&#8221;][\/vc_column][vc_column width=&#8221;1\/2&#8243;][vc_column_text]<\/p>\n<h4 class=\"margin-bottom-10\">FAHRZEUGVEREDELUNG<\/h4>\n<p>[\/vc_column_text][vc_separator color=&#8221;custom&#8221; align=&#8221;align_left&#8221; border_width=&#8221;2&#8243; el_width=&#8221;30&#8243; accent_color=&#8221;#e2ac47&#8243;][vc_column_text]<\/p>\n<h6>Auf Wunsch beraten und unterst\u00fctzen wir Sie, Ihre\u00a0 W\u00fcnsche gemeinsam zu gestalten und ein Fahrzeug zu kreieren, welches so individuell ist, wie Sie es sind.<\/h6>\n<h6>\u2022 Komplettumbauten<br \/>\n\u2022 Extremumbauten<br \/>\n\u2022 Fahrwerksumbauten<br \/>\n\u2022 Abgasanlagen<br \/>\n\u2022 Reifen\/Felgen<br \/>\n\u2022 Motor-Tuning<\/h6>\n<p>&nbsp;<\/p>\n<h6>Nennen Sie uns einfach Ihre W\u00fcnsche.<\/h6>\n<p>[\/vc_column_text][vc_row_inner][vc_column_inner width=&#8221;1\/3&#8243;][vc_single_image image=&#8221;1971&#8243; img_size=&#8221;full&#8221; alignment=&#8221;center&#8221;][\/vc_column_inner][vc_column_inner width=&#8221;1\/3&#8243;][vc_single_image image=&#8221;1972&#8243; img_size=&#8221;full&#8221; alignment=&#8221;center&#8221;][\/vc_column_inner][vc_column_inner width=&#8221;1\/3&#8243;][vc_single_image image=&#8221;1973&#8243; img_size=&#8221;full&#8221; alignment=&#8221;center&#8221;][\/vc_column_inner][\/vc_row_inner][\/vc_column][\/vc_row][vc_row][vc_column][vc_separator color=&#8221;custom&#8221; accent_color=&#8221;#444444&#8243;][\/vc_column][\/vc_row][vc_row][vc_column width=&#8221;1\/2&#8243;][vc_column_text]<\/p>\n<h4 class=\"margin-bottom-10\" style=\"text-align: right;\">WELTWEITE LIEFERUNG<\/h4>\n<p>[\/vc_column_text][vc_separator color=&#8221;custom&#8221; align=&#8221;align_right&#8221; border_width=&#8221;2&#8243; el_width=&#8221;30&#8243; accent_color=&#8221;#e2ac47&#8243;][vc_column_text]<\/p>\n<h6 class=\"margin-bottom-10\" style=\"text-align: right;\">Wir liefern unsere Fahrzeige in alle Teile der Welt. Ob eine Lieferung in die W\u00fcste von Katar oder auf eine Tropeninsel in der Karibik \u2013 Alles geht. Wir liefern auf dem Landweg per Stra\u00dfentransport, auf dem Seeweg in Spezialcontainern und auf dem Luftweg per Luftfracht.<\/h6>\n<h6 class=\"margin-bottom-10\" style=\"text-align: right;\">Auf Wunsch k\u00f6nnen wir f\u00fcr Sie den gesamten Transport, einschlie\u00dflich der Beschaffung aller wichtigen Exportdokumente abwickeln.<\/h6>\n<p>[\/vc_column_text][\/vc_column][vc_column width=&#8221;1\/2&#8243;][vc_single_image image=&#8221;2702&#8243; img_size=&#8221;full&#8221;][\/vc_column][\/vc_row][vc_row][vc_column][vc_separator color=&#8221;custom&#8221; accent_color=&#8221;#444444&#8243;][\/vc_column][\/vc_row][vc_row][vc_column width=&#8221;1\/2&#8243;][vc_single_image image=&#8221;2068&#8243; img_size=&#8221;full&#8221;][\/vc_column][vc_column width=&#8221;1\/2&#8243;][vc_column_text]<\/p>\n<h4 class=\"margin-bottom-10\" style=\"text-align: left;\">FINANZIERUNG<\/h4>\n<p>[\/vc_column_text][vc_column_text]<\/p>\n<h6 style=\"text-align: left;\">Bei uns k\u00f6nnen Sie sowohl als Gesch\u00e4ftskunde, als auch als Privatkunde verschiedene Finanzierungsformen oder Leasingm\u00f6glichkeiten in Anspruch nehmen.<\/h6>\n<h6 style=\"text-align: left;\">Dies erfolgt \u00fcber unseren starken Partner, die AutoEuropa Bank. Jeder Kunde erh\u00e4lt ein individuell auf ihn zugeschnittenes Finanzierungs- und\/oder Leasingangebot.<\/h6>\n<h6 style=\"text-align: left;\">Rufen Sie uns einfach an, um weitere Informationen zu erhalten und sich \u00fcber die zahllosen M\u00f6glichkeiten zu erkundigen.<\/h6>\n<p>[\/vc_column_text][vc_separator color=&#8221;custom&#8221; align=&#8221;align_left&#8221; border_width=&#8221;2&#8243; el_width=&#8221;30&#8243; accent_color=&#8221;#e2ac47&#8243;][vc_row_inner][vc_column_inner width=&#8221;1\/3&#8243;][vc_single_image image=&#8221;2067&#8243; img_size=&#8221;full&#8221; alignment=&#8221;center&#8221;][\/vc_column_inner][vc_column_inner width=&#8221;1\/3&#8243;][\/vc_column_inner][vc_column_inner width=&#8221;1\/3&#8243;][\/vc_column_inner][\/vc_row_inner][\/vc_column][\/vc_row][vc_row][vc_column][vc_separator color=&#8221;custom&#8221; accent_color=&#8221;#444444&#8243;][\/vc_column][\/vc_row][vc_row][vc_column width=&#8221;1\/2&#8243;][vc_column_text]<\/p>\n<h4 class=\"margin-bottom-10\" style=\"text-align: right;\">SHUTTLE-SERVICE<\/h4>\n<p>[\/vc_column_text][vc_separator color=&#8221;custom&#8221; align=&#8221;align_right&#8221; border_width=&#8221;2&#8243; el_width=&#8221;30&#8243; accent_color=&#8221;#e2ac47&#8243;][vc_column_text]<\/p>\n<h6 style=\"text-align: right;\">Dieser Service ist ein weiteres treffendes Beispiel f\u00fcr unser Versprechen, weiter zu gehen als andere.<\/h6>\n<h6 style=\"text-align: right;\"><\/h6>\n<h6 style=\"text-align: right;\">Sie m\u00f6chten unsere Verkaufsr\u00e4ume besuchen und kommen mit dem Zug oder Flugzeug an? Dann ist es uns eine Freude, Sie pers\u00f6nlich am Ankunftsbahnhof- oder Flughafen abzuholen.<\/h6>\n<p>[\/vc_column_text][\/vc_column][vc_column width=&#8221;1\/2&#8243;][vc_single_image image=&#8221;2062&#8243; img_size=&#8221;full&#8221; alignment=&#8221;right&#8221;][\/vc_column][\/vc_row][vc_row][vc_column][vc_separator color=&#8221;custom&#8221; accent_color=&#8221;#444444&#8243;][\/vc_column][\/vc_row][vc_row][vc_column width=&#8221;1\/2&#8243;][vc_single_image image=&#8221;2166&#8243; img_size=&#8221;full&#8221; alignment=&#8221;right&#8221;][\/vc_column][vc_column width=&#8221;1\/2&#8243;][vc_column_text]<\/p>\n<h4><strong>ZULASSUNGSSERVICE &amp; EXPORT<\/strong><\/h4>\n<p>[\/vc_column_text][vc_separator color=&#8221;custom&#8221; align=&#8221;align_left&#8221; border_width=&#8221;2&#8243; el_width=&#8221;30&#8243; accent_color=&#8221;#e2ac47&#8243;][vc_column_text]<\/p>\n<h6>Um ein nicht-registriertes Fahrzeug auf \u00f6ffentlichen Stra\u00dfen f\u00fchren zu d\u00fcrfen, m\u00fcssen entsprechende Papiere vorliegen.<\/h6>\n<p>&nbsp;<\/p>\n<h6>Wir k\u00f6nnen uns um eine vor\u00fcbergehende Registrierung des Fahrzeugs k\u00fcmmern.<\/h6>\n<p>&nbsp;<\/p>\n<h6>Dies geschieht mithilfe eines sogenannten Ausfuhrkennzeichens. Beispiele hierf\u00fcr sind das 5-Tage-Kennzeichen sowie das Zollkennzeichen, das je nach Wunsch in einem Zeitraum von 15 Tagen bis zu 12 Monaten g\u00fcltig sein kann.<\/h6>\n<p>&nbsp;<\/p>\n<h6>Wir bieten Ihnen einen Inklusiv-Service f\u00fcr die Zulassung, die Exportabwicklung und die Zolldokumente.<\/h6>\n<h6><\/h6>\n<h6>\u00a0Mit Ihnen gemeinsam k\u00f6nnen wir alle ben\u00f6tigten Dokumente beschaffen.<\/h6>\n<p>[\/vc_column_text][\/vc_column][\/vc_row][vc_row][vc_column][vc_separator color=&#8221;custom&#8221; accent_color=&#8221;#444444&#8243;][\/vc_column][\/vc_row][vc_row][vc_column width=&#8221;1\/2&#8243;][vc_column_text]<\/p>\n<h4 class=\"margin-bottom-10\" style=\"text-align: right;\">T\u00dcV \/ DEKRA<\/h4>\n<p>[\/vc_column_text][vc_separator color=&#8221;custom&#8221; align=&#8221;align_right&#8221; border_width=&#8221;2&#8243; el_width=&#8221;30&#8243; accent_color=&#8221;#e2ac47&#8243;][vc_column_text]<\/p>\n<h6 style=\"text-align: right;\">Wir arbeiten mit den Gesellschaften der DEKRA und des T\u00dcV\u2018s zusammen.<\/h6>\n<h6 style=\"text-align: right;\">Hier wird der aktuelle Fahrzeugzustand und sofern m\u00f6glich, die Historie des betreffenden Fahrzeugs dokumentiert.<\/h6>\n<p>&nbsp;<\/p>\n<h6 style=\"text-align: right;\">F\u00fcr Fragen zu diesem Thema stehen wir Ihnen gerne zur Verf\u00fcgung.<\/h6>\n<p>[\/vc_column_text][vc_row_inner][vc_column_inner width=&#8221;1\/3&#8243;][\/vc_column_inner][vc_column_inner width=&#8221;1\/3&#8243;][vc_single_image image=&#8221;1964&#8243; img_size=&#8221;full&#8221; alignment=&#8221;center&#8221;][\/vc_column_inner][vc_column_inner width=&#8221;1\/3&#8243;][vc_single_image image=&#8221;1963&#8243; img_size=&#8221;full&#8221; alignment=&#8221;center&#8221;][\/vc_column_inner][\/vc_row_inner][\/vc_column][vc_column width=&#8221;1\/2&#8243;][vc_single_image image=&#8221;2017&#8243; img_size=&#8221;full&#8221;][\/vc_column][\/vc_row][vc_row][vc_column][vc_empty_space height=&#8221;60px&#8221;][\/vc_column][\/vc_row][vc_row][vc_column][vc_empty_space height=&#8221;60px&#8221;][\/vc_column][\/vc_row]<\/p>\n","protected":false},"excerpt":{"rendered":"<p>[vc_row][vc_column][vc_empty_space height=&#8221;60px&#8221;][\/vc_column][\/vc_row][vc_row][vc_column width=&#8221;1\/2&#8243;][vc_single_image image=&#8221;7023&#8243; img_size=&#8221;full&#8221; alignment=&#8221;right&#8221;][\/vc_column][vc_column width=&#8221;1\/2&#8243;][vc_column_text]<\/p>\n<p> VERF\u00dcGBARE FAHRZEUGE <\/p>\n<p>[\/vc_column_text][vc_separator color=&#8221;custom&#8221; align=&#8221;align_left&#8221; border_width=&#8221;2&#8243; el_width=&#8221;30&#8243; accent_color=&#8221;#e2ac47&#8243;][vc_column_text]<\/p>\n<p> Wir bieten eine exklusive Auswahl an sofort verf\u00fcgbaren Sportwagen und Premium-Fahrzeugen. <\/p>\n<p>&nbsp;<\/p>\n<p> Wir nehmen nur Automobile in unseren Bestand auf, von denen wir selbst \u00fcberzeugt sind. <\/p>\n<p>&nbsp;<\/p>\n<p> Jedes Fahrzeug befindet sich in einem ausgezeichneten Zustand und wurde umfassend von uns gepr\u00fcft. <\/p>\n<p>[\/vc_column_text][\/vc_column][\/vc_row][vc_row][vc_column][vc_separator color=&#8221;custom&#8221; accent_color=&#8221;#444444&#8243;][\/vc_column][\/vc_row][vc_row][vc_column width=&#8221;1\/2&#8243;][vc_column_text]<\/p>\n<p> BERATUNG &amp; VERKAUF <\/p>\n<p>[\/vc_column_text][vc_separator color=&#8221;custom&#8221; align=&#8221;align_right&#8221; border_width=&#8221;2&#8243; el_width=&#8221;30&#8243; accent_color=&#8221;#e2ac47&#8243;][vc_column_text]<\/p>\n<p> Autohaus ISI,<br \/> ein Ort, der den Unterschied macht. F\u00fcr uns sind Sie nicht einfach nur ein Kunde, wir sehen Sie als individuellen Partner mit dem wir gemeinsam passende L\u00f6sungen finden. Mit unseren exklusiven und oft einzigartigen Fahrzeugen bieten wir eine Plattform, die nicht nur den Massenmarkt bedient, sondern auch Unikate und Sonderanfertigungen umfasst. Nehmen Sie einfach Kontakt mit uns auf. <\/p>\n<p>[\/vc_column_text][\/vc_column][vc_column width=&#8221;1\/2&#8243;][vc_single_image image=&#8221;2072&#8243; img_size=&#8221;full&#8221;][\/vc_column][\/vc_row][vc_row][vc_column][vc_separator color=&#8221;custom&#8221; accent_color=&#8221;#444444&#8243;][\/vc_column][\/vc_row][vc_row][vc_column width=&#8221;1\/2&#8243;][vc_single_image image=&#8221;2070&#8243; img_size=&#8221;full&#8221; alignment=&#8221;right&#8221;][\/vc_column][vc_column width=&#8221;1\/2&#8243;][vc_column_text]<\/p>\n<p> FAHRZEUGVEREDELUNG <\/p>\n<p>[\/vc_column_text][vc_separator color=&#8221;custom&#8221; align=&#8221;align_left&#8221; border_width=&#8221;2&#8243; el_width=&#8221;30&#8243; accent_color=&#8221;#e2ac47&#8243;][vc_column_text]<\/p>\n<p> Auf Wunsch beraten und unterst\u00fctzen wir Sie, [&#8230;]<\/p>\n","protected":false},"author":1,"featured_media":0,"parent":0,"menu_order":0,"comment_status":"closed","ping_status":"closed","template":"","meta":{"footnotes":""},"_links":{"self":[{"href":"https:\/\/www.autohaus-isi.de\/index.php\/wp-json\/wp\/v2\/pages\/1919"}],"collection":[{"href":"https:\/\/www.autohaus-isi.de\/index.php\/wp-json\/wp\/v2\/pages"}],"about":[{"href":"https:\/\/www.autohaus-isi.de\/index.php\/wp-json\/wp\/v2\/types\/page"}],"author":[{"embeddable":true,"href":"https:\/\/www.autohaus-isi.de\/index.php\/wp-json\/wp\/v2\/users\/1"}],"replies":[{"embeddable":true,"href":"https:\/\/www.autohaus-isi.de\/index.php\/wp-json\/wp\/v2\/comments?post=1919"}],"version-history":[{"count":66,"href":"https:\/\/www.autohaus-isi.de\/index.php\/wp-json\/wp\/v2\/pages\/1919\/revisions"}],"predecessor-version":[{"id":14939,"href":"https:\/\/www.autohaus-isi.de\/index.php\/wp-json\/wp\/v2\/pages\/1919\/revisions\/14939"}],"wp:attachment":[{"href":"https:\/\/www.autohaus-isi.de\/index.php\/wp-json\/wp\/v2\/media?parent=1919"}],"curies":[{"name":"wp","href":"https:\/\/api.w.org\/{rel}","templated":true}]}}